{"id":5634,"date":"2024-04-29T09:58:02","date_gmt":"2024-04-29T07:58:02","guid":{"rendered":"https:\/\/laballade.de\/wordpress\/?page_id=5634"},"modified":"2026-01-17T18:26:24","modified_gmt":"2026-01-17T17:26:24","slug":"leseprobe-die-weinfestengel","status":"publish","type":"page","link":"https:\/\/laballade.de\/wordpress\/bibliothek\/geschriebenes\/leseprobe-die-weinfestengel\/","title":{"rendered":"Leseprobe &#8211; Die Weinfestengel"},"content":{"rendered":"<p align=\"justify\"><img loading=\"lazy\" decoding=\"async\" class=\"alignleft size-medium wp-image-5631\" src=\"https:\/\/laballade.de\/wordpress\/wp-content\/uploads\/2024\/04\/Weinfestengel-Cover-2-168x300.jpeg\" alt=\"\" width=\"168\" height=\"300\" srcset=\"https:\/\/laballade.de\/wordpress\/wp-content\/uploads\/2024\/04\/Weinfestengel-Cover-2-168x300.jpeg 168w, https:\/\/laballade.de\/wordpress\/wp-content\/uploads\/2024\/04\/Weinfestengel-Cover-2-574x1024.jpeg 574w, https:\/\/laballade.de\/wordpress\/wp-content\/uploads\/2024\/04\/Weinfestengel-Cover-2-768x1370.jpeg 768w, https:\/\/laballade.de\/wordpress\/wp-content\/uploads\/2024\/04\/Weinfestengel-Cover-2-861x1536.jpeg 861w, https:\/\/laballade.de\/wordpress\/wp-content\/uploads\/2024\/04\/Weinfestengel-Cover-2-1148x2048.jpeg 1148w, https:\/\/laballade.de\/wordpress\/wp-content\/uploads\/2024\/04\/Weinfestengel-Cover-2-900x1605.jpeg 900w, https:\/\/laballade.de\/wordpress\/wp-content\/uploads\/2024\/04\/Weinfestengel-Cover-2-1280x2283.jpeg 1280w, https:\/\/laballade.de\/wordpress\/wp-content\/uploads\/2024\/04\/Weinfestengel-Cover-2-scaled.jpeg 1435w\" sizes=\"auto, (max-width: 168px) 100vw, 168px\" \/>Die Fr\u00fchlingssonne schien blass in einen schmalen Hof zwischen zwei Reihen Garagen und malte einen Lichtfleck auf die schmutziggelbe Hauswand dahinter. Ein gut versteckter Lautsprecher verstr\u00f6mte mystischen Gesang. Auf zwei Brauereib\u00e4nken und einer Sammlung abgenutzter St\u00fchle sa\u00dfen ein knappes Dutzend Frauen unterschiedlichen Alters und verschiedenster Herkunft. Manche unterhielten sich ged\u00e4mpft mit ihrer Sitznachbarin, andere summten leise. Alle warteten.<\/p>\n<p align=\"justify\">Eine junge Frau kam eilig die Stra\u00dfe entlang, blieb am Eingang zum Hof stehen und legte etwas in das K\u00f6rbchen, das dort bereitstand. Sie atmete tief auf, zog das lila Schultertuch enger um sich, dann ging sie langsam zum letzten freien Stuhl ganz hinten. Eine \u00c4ltere in der Reihe vor ihr sah sie finster an, wandte sich aber schnell wieder zur Garagenwand um.<\/p>\n<p align=\"justify\">Schlie\u00dflich trat ein schlaksiger Junge mit sandblondem Pferdeschwanz aus dem Durchgang zwischen Haus und Garagen. Ohne einen Blick auf die Versammelten drehte er sich zu der Hauswand und dem hellen Fleck um, hob die H\u00e4nde und begann zu beten.<\/p>\n<p align=\"justify\">An der Wand erschien nach und nach eine Figur, eine Frau, die in rote und blaue Gew\u00e4nder geh\u00fcllt war. Ein Seufzen ging durch die Reihen. Die Stimme des Vorbeters wandelte sich in Gesang. Die Zuschauerinnen summten mit oder murmelten Ave Marias.<\/p>\n<p align=\"justify\">Niemand bemerkte Benno Schwertfeger, als er den Hof betrat und auf der H\u00f6he der ersten Garage stehen blieb. Hier also steckte Lukas Sperl, w\u00e4hrend er eigentlich in der Schule sein sollte. Und was tat er da genau? Wenn das, was er redete, Latein sein sollte, reichte die wohlverdiente F\u00fcnf nicht mehr aus, man m\u00fcsste die Notenskala erweitern.<\/p>\n<p align=\"justify\">Die Zuschauerinnen starrten wie hypnotisiert auf das Bild an der Wand, die H\u00e4nde gefaltet oder in einer Pseudo-Mudra im Scho\u00df. Gemeint war wohl die Jungfrau Maria, auch wenn Benno die originale Plastik, die da reproduziert wurde, nicht identifizieren konnte.<\/p>\n<p align=\"justify\">W\u00e4hrend Lukas seine unverst\u00e4ndliche Zeremonie vollf\u00fchrte, \u00fcberlegte Benno, wo der Projektor stehen musste. Vielleicht sollte er einfach durch den Lichtstrahl gehen und einen Schatten auf das Andachtsbild werfen. Er richtete sich auf und schritt in die Richtung, die er vermutete.<\/p>\n<p align=\"justify\">Als er gerade gegen\u00fcber der Wand stand, sp\u00fcrte er einen Ruck, als ob er gegen einen Elektrozaun gelaufen w\u00e4re. F\u00fcr einen Augenblick erschien sein Schatten klein und schwarz auf dem roten Gewand der Madonna an der Garagenwand. Aber er verschwand gleich wieder, und Benno wurde vorw\u00e4rts gesto\u00dfen.<\/p>\n<p align=\"justify\">Hinter ihm befand sich niemand.<\/p>\n<p align=\"justify\">Offenbar hatte keine der Zuschauerinnen diese Aktion bemerkt. Sie betrachteten die Wand noch genauso and\u00e4chtig wie vorher. Nur Lukas blickte emp\u00f6rt in Bennos Richtung.<\/p>\n<p align=\"justify\">Dieser blieb nach dem kleinen Zwischenfall ruhig im Hintergrund stehen und besah sich das Publikum eingehender, fast als h\u00e4tte er eine Klassenarbeit zu beaufsichtigen. In der Tat sa\u00dfen einige Sch\u00fclerinnen auf den B\u00e4nken, nicht nur aus seiner Klasse. Aber auch eine Lehrerin. Heiderose Fischer-Bramberg. Kunsterziehung, zugegebenerma\u00dfen. Trotzdem. So viel Verstand sollte sie haben, sich von solchen Veranstaltungen fernzuhalten.<\/p>\n<p align=\"justify\">E-Book bei <a href=\"https:\/\/schlapp.buchhandlung.de\/shop\/article\/52780082\/susanne_bonn_die_weinfestengel.html\">H. L. Schlapp<\/a> *\u00a0<a href=\"https:\/\/www.fairbuch.de\/shop\/article\/52780082\/susanne_bonn_die_weinfestengel.html\">Fairbuch<\/a> * <a href=\"https:\/\/www.hugendubel.de\/de\/ebook_epub\/susanne_bonn-die_weinfestengel-48031633-produkt-details.html\">Hugendubel<\/a> * <a href=\"https:\/\/www.orellfuessli.ch\/shop\/home\/artikeldetails\/A1071650450\">Orell F\u00fcssli<\/a> * <a href=\"https:\/\/www.osiander.de\/shop\/home\/artikeldetails\/A1071650450\">Osiander<\/a> * <a href=\"https:\/\/www.skoobe.de\/books\/susanne-bonn\/die-weinfestengel-1\">Skoobe<\/a> * <a href=\"https:\/\/www.thalia.de\/shop\/home\/artikeldetails\/A1071650450\">Thalia<\/a><\/p>\n<p align=\"justify\"><a href=\"https:\/\/www.epubli.com\/shop\/die-weinfestengel-9783819066771\">Taschenbuch<\/a> bei epubli<\/p>\n","protected":false},"excerpt":{"rendered":"<p>Die Fr\u00fchlingssonne schien blass in einen schmalen Hof zwischen zwei Reihen Garagen und malte einen Lichtfleck auf die schmutziggelbe Hauswand dahinter. Ein gut versteckter Lautsprecher verstr\u00f6mte mystischen Gesang. Auf zwei Brauereib\u00e4nken und einer Sammlung abgenutzter St\u00fchle sa\u00dfen ein knappes Dutzend Frauen unterschiedlichen Alters und verschiedenster Herkunft. Manche unterhielten sich ged\u00e4mpft mit ihrer Sitznachbarin, andere summten [&hellip;]<\/p>\n","protected":false},"author":1,"featured_media":0,"parent":173,"menu_order":0,"comment_status":"closed","ping_status":"closed","template":"","meta":{"footnotes":""},"class_list":["post-5634","page","type-page","status-publish","hentry"],"yoast_head":"<!-- This site is optimized with the Yoast SEO plugin v27.4 - https:\/\/yoast.com\/product\/yoast-seo-wordpress\/ -->\n<title>Leseprobe - Die Weinfestengel - La Ballade<\/title>\n<meta name=\"description\" content=\"Leseprobe &quot;Die Weinfestengel&quot; - phanstastischer Roman mit Engeln, D\u00e4monen und Lateinlehrer\" \/>\n<meta name=\"robots\" content=\"index, follow, max-snippet:-1, max-image-preview:large, max-video-preview:-1\" \/>\n<link rel=\"canonical\" href=\"https:\/\/laballade.de\/wordpress\/bibliothek\/geschriebenes\/leseprobe-die-weinfestengel\/\" \/>\n<meta property=\"og:locale\" content=\"de_DE\" \/>\n<meta property=\"og:type\" content=\"article\" \/>\n<meta property=\"og:title\" content=\"Leseprobe - Die Weinfestengel - La Ballade\" \/>\n<meta property=\"og:description\" content=\"Leseprobe &quot;Die Weinfestengel&quot; - phanstastischer Roman mit Engeln, D\u00e4monen und Lateinlehrer\" \/>\n<meta property=\"og:url\" content=\"https:\/\/laballade.de\/wordpress\/bibliothek\/geschriebenes\/leseprobe-die-weinfestengel\/\" \/>\n<meta property=\"og:site_name\" content=\"La Ballade\" \/>\n<meta property=\"article:modified_time\" content=\"2026-01-17T17:26:24+00:00\" \/>\n<meta property=\"og:image\" content=\"https:\/\/laballade.de\/wordpress\/wp-content\/uploads\/2024\/04\/Weinfestengel-Cover-2-168x300.jpeg\" \/>\n<meta name=\"twitter:card\" content=\"summary_large_image\" \/>\n<meta name=\"twitter:label1\" content=\"Gesch\u00e4tzte Lesezeit\" \/>\n\t<meta name=\"twitter:data1\" content=\"3\u00a0Minuten\" \/>\n<script type=\"application\/ld+json\" class=\"yoast-schema-graph\">{\"@context\":\"https:\\\/\\\/schema.org\",\"@graph\":[{\"@type\":\"WebPage\",\"@id\":\"https:\\\/\\\/laballade.de\\\/wordpress\\\/bibliothek\\\/geschriebenes\\\/leseprobe-die-weinfestengel\\\/\",\"url\":\"https:\\\/\\\/laballade.de\\\/wordpress\\\/bibliothek\\\/geschriebenes\\\/leseprobe-die-weinfestengel\\\/\",\"name\":\"Leseprobe - Die Weinfestengel - La Ballade\",\"isPartOf\":{\"@id\":\"https:\\\/\\\/laballade.de\\\/wordpress\\\/#website\"},\"primaryImageOfPage\":{\"@id\":\"https:\\\/\\\/laballade.de\\\/wordpress\\\/bibliothek\\\/geschriebenes\\\/leseprobe-die-weinfestengel\\\/#primaryimage\"},\"image\":{\"@id\":\"https:\\\/\\\/laballade.de\\\/wordpress\\\/bibliothek\\\/geschriebenes\\\/leseprobe-die-weinfestengel\\\/#primaryimage\"},\"thumbnailUrl\":\"https:\\\/\\\/laballade.de\\\/wordpress\\\/wp-content\\\/uploads\\\/2024\\\/04\\\/Weinfestengel-Cover-2-168x300.jpeg\",\"datePublished\":\"2024-04-29T07:58:02+00:00\",\"dateModified\":\"2026-01-17T17:26:24+00:00\",\"description\":\"Leseprobe \\\"Die Weinfestengel\\\" - phanstastischer Roman mit Engeln, D\u00e4monen und Lateinlehrer\",\"breadcrumb\":{\"@id\":\"https:\\\/\\\/laballade.de\\\/wordpress\\\/bibliothek\\\/geschriebenes\\\/leseprobe-die-weinfestengel\\\/#breadcrumb\"},\"inLanguage\":\"de\",\"potentialAction\":[{\"@type\":\"ReadAction\",\"target\":[\"https:\\\/\\\/laballade.de\\\/wordpress\\\/bibliothek\\\/geschriebenes\\\/leseprobe-die-weinfestengel\\\/\"]}]},{\"@type\":\"ImageObject\",\"inLanguage\":\"de\",\"@id\":\"https:\\\/\\\/laballade.de\\\/wordpress\\\/bibliothek\\\/geschriebenes\\\/leseprobe-die-weinfestengel\\\/#primaryimage\",\"url\":\"https:\\\/\\\/laballade.de\\\/wordpress\\\/wp-content\\\/uploads\\\/2024\\\/04\\\/Weinfestengel-Cover-2-scaled.jpeg\",\"contentUrl\":\"https:\\\/\\\/laballade.de\\\/wordpress\\\/wp-content\\\/uploads\\\/2024\\\/04\\\/Weinfestengel-Cover-2-scaled.jpeg\",\"width\":1435,\"height\":2560},{\"@type\":\"BreadcrumbList\",\"@id\":\"https:\\\/\\\/laballade.de\\\/wordpress\\\/bibliothek\\\/geschriebenes\\\/leseprobe-die-weinfestengel\\\/#breadcrumb\",\"itemListElement\":[{\"@type\":\"ListItem\",\"position\":1,\"name\":\"Startseite\",\"item\":\"https:\\\/\\\/laballade.de\\\/wordpress\\\/\"},{\"@type\":\"ListItem\",\"position\":2,\"name\":\"Bibliothek\",\"item\":\"https:\\\/\\\/laballade.de\\\/wordpress\\\/bibliothek\\\/\"},{\"@type\":\"ListItem\",\"position\":3,\"name\":\"Geschriebenes\",\"item\":\"https:\\\/\\\/laballade.de\\\/wordpress\\\/bibliothek\\\/geschriebenes\\\/\"},{\"@type\":\"ListItem\",\"position\":4,\"name\":\"Leseprobe &#8211; Die Weinfestengel\"}]},{\"@type\":\"WebSite\",\"@id\":\"https:\\\/\\\/laballade.de\\\/wordpress\\\/#website\",\"url\":\"https:\\\/\\\/laballade.de\\\/wordpress\\\/\",\"name\":\"La Ballade\",\"description\":\"Geschichten und Musik\",\"publisher\":{\"@id\":\"https:\\\/\\\/laballade.de\\\/wordpress\\\/#\\\/schema\\\/person\\\/6fadccd64c10acbfe6c9d563789d29a1\"},\"potentialAction\":[{\"@type\":\"SearchAction\",\"target\":{\"@type\":\"EntryPoint\",\"urlTemplate\":\"https:\\\/\\\/laballade.de\\\/wordpress\\\/?s={search_term_string}\"},\"query-input\":{\"@type\":\"PropertyValueSpecification\",\"valueRequired\":true,\"valueName\":\"search_term_string\"}}],\"inLanguage\":\"de\"},{\"@type\":[\"Person\",\"Organization\"],\"@id\":\"https:\\\/\\\/laballade.de\\\/wordpress\\\/#\\\/schema\\\/person\\\/6fadccd64c10acbfe6c9d563789d29a1\",\"name\":\"Susanne\",\"logo\":{\"@id\":\"https:\\\/\\\/laballade.de\\\/wordpress\\\/#\\\/schema\\\/person\\\/image\\\/\"},\"sameAs\":[\"https:\\\/\\\/www.laballade.de\"]}]}<\/script>\n<!-- \/ Yoast SEO plugin. -->","yoast_head_json":{"title":"Leseprobe - Die Weinfestengel - La Ballade","description":"Leseprobe \"Die Weinfestengel\" - phanstastischer Roman mit Engeln, D\u00e4monen und Lateinlehrer","robots":{"index":"index","follow":"follow","max-snippet":"max-snippet:-1","max-image-preview":"max-image-preview:large","max-video-preview":"max-video-preview:-1"},"canonical":"https:\/\/laballade.de\/wordpress\/bibliothek\/geschriebenes\/leseprobe-die-weinfestengel\/","og_locale":"de_DE","og_type":"article","og_title":"Leseprobe - Die Weinfestengel - La Ballade","og_description":"Leseprobe \"Die Weinfestengel\" - phanstastischer Roman mit Engeln, D\u00e4monen und Lateinlehrer","og_url":"https:\/\/laballade.de\/wordpress\/bibliothek\/geschriebenes\/leseprobe-die-weinfestengel\/","og_site_name":"La Ballade","article_modified_time":"2026-01-17T17:26:24+00:00","og_image":[{"url":"https:\/\/laballade.de\/wordpress\/wp-content\/uploads\/2024\/04\/Weinfestengel-Cover-2-168x300.jpeg","type":"","width":"","height":""}],"twitter_card":"summary_large_image","twitter_misc":{"Gesch\u00e4tzte Lesezeit":"3\u00a0Minuten"},"schema":{"@context":"https:\/\/schema.org","@graph":[{"@type":"WebPage","@id":"https:\/\/laballade.de\/wordpress\/bibliothek\/geschriebenes\/leseprobe-die-weinfestengel\/","url":"https:\/\/laballade.de\/wordpress\/bibliothek\/geschriebenes\/leseprobe-die-weinfestengel\/","name":"Leseprobe - Die Weinfestengel - La Ballade","isPartOf":{"@id":"https:\/\/laballade.de\/wordpress\/#website"},"primaryImageOfPage":{"@id":"https:\/\/laballade.de\/wordpress\/bibliothek\/geschriebenes\/leseprobe-die-weinfestengel\/#primaryimage"},"image":{"@id":"https:\/\/laballade.de\/wordpress\/bibliothek\/geschriebenes\/leseprobe-die-weinfestengel\/#primaryimage"},"thumbnailUrl":"https:\/\/laballade.de\/wordpress\/wp-content\/uploads\/2024\/04\/Weinfestengel-Cover-2-168x300.jpeg","datePublished":"2024-04-29T07:58:02+00:00","dateModified":"2026-01-17T17:26:24+00:00","description":"Leseprobe \"Die Weinfestengel\" - phanstastischer Roman mit Engeln, D\u00e4monen und Lateinlehrer","breadcrumb":{"@id":"https:\/\/laballade.de\/wordpress\/bibliothek\/geschriebenes\/leseprobe-die-weinfestengel\/#breadcrumb"},"inLanguage":"de","potentialAction":[{"@type":"ReadAction","target":["https:\/\/laballade.de\/wordpress\/bibliothek\/geschriebenes\/leseprobe-die-weinfestengel\/"]}]},{"@type":"ImageObject","inLanguage":"de","@id":"https:\/\/laballade.de\/wordpress\/bibliothek\/geschriebenes\/leseprobe-die-weinfestengel\/#primaryimage","url":"https:\/\/laballade.de\/wordpress\/wp-content\/uploads\/2024\/04\/Weinfestengel-Cover-2-scaled.jpeg","contentUrl":"https:\/\/laballade.de\/wordpress\/wp-content\/uploads\/2024\/04\/Weinfestengel-Cover-2-scaled.jpeg","width":1435,"height":2560},{"@type":"BreadcrumbList","@id":"https:\/\/laballade.de\/wordpress\/bibliothek\/geschriebenes\/leseprobe-die-weinfestengel\/#breadcrumb","itemListElement":[{"@type":"ListItem","position":1,"name":"Startseite","item":"https:\/\/laballade.de\/wordpress\/"},{"@type":"ListItem","position":2,"name":"Bibliothek","item":"https:\/\/laballade.de\/wordpress\/bibliothek\/"},{"@type":"ListItem","position":3,"name":"Geschriebenes","item":"https:\/\/laballade.de\/wordpress\/bibliothek\/geschriebenes\/"},{"@type":"ListItem","position":4,"name":"Leseprobe &#8211; Die Weinfestengel"}]},{"@type":"WebSite","@id":"https:\/\/laballade.de\/wordpress\/#website","url":"https:\/\/laballade.de\/wordpress\/","name":"La Ballade","description":"Geschichten und Musik","publisher":{"@id":"https:\/\/laballade.de\/wordpress\/#\/schema\/person\/6fadccd64c10acbfe6c9d563789d29a1"},"potentialAction":[{"@type":"SearchAction","target":{"@type":"EntryPoint","urlTemplate":"https:\/\/laballade.de\/wordpress\/?s={search_term_string}"},"query-input":{"@type":"PropertyValueSpecification","valueRequired":true,"valueName":"search_term_string"}}],"inLanguage":"de"},{"@type":["Person","Organization"],"@id":"https:\/\/laballade.de\/wordpress\/#\/schema\/person\/6fadccd64c10acbfe6c9d563789d29a1","name":"Susanne","logo":{"@id":"https:\/\/laballade.de\/wordpress\/#\/schema\/person\/image\/"},"sameAs":["https:\/\/www.laballade.de"]}]}},"_links":{"self":[{"href":"https:\/\/laballade.de\/wordpress\/wp-json\/wp\/v2\/pages\/5634","targetHints":{"allow":["GET"]}}],"collection":[{"href":"https:\/\/laballade.de\/wordpress\/wp-json\/wp\/v2\/pages"}],"about":[{"href":"https:\/\/laballade.de\/wordpress\/wp-json\/wp\/v2\/types\/page"}],"author":[{"embeddable":true,"href":"https:\/\/laballade.de\/wordpress\/wp-json\/wp\/v2\/users\/1"}],"replies":[{"embeddable":true,"href":"https:\/\/laballade.de\/wordpress\/wp-json\/wp\/v2\/comments?post=5634"}],"version-history":[{"count":4,"href":"https:\/\/laballade.de\/wordpress\/wp-json\/wp\/v2\/pages\/5634\/revisions"}],"predecessor-version":[{"id":6434,"href":"https:\/\/laballade.de\/wordpress\/wp-json\/wp\/v2\/pages\/5634\/revisions\/6434"}],"up":[{"embeddable":true,"href":"https:\/\/laballade.de\/wordpress\/wp-json\/wp\/v2\/pages\/173"}],"wp:attachment":[{"href":"https:\/\/laballade.de\/wordpress\/wp-json\/wp\/v2\/media?parent=5634"}],"curies":[{"name":"wp","href":"https:\/\/api.w.org\/{rel}","templated":true}]}}