{"id":4401,"date":"2021-06-18T16:32:24","date_gmt":"2021-06-18T14:32:24","guid":{"rendered":"https:\/\/laballade.de\/wordpress\/?page_id=4401"},"modified":"2024-04-29T10:01:41","modified_gmt":"2024-04-29T08:01:41","slug":"leseprobe-das-erbe-des-horst-stroh","status":"publish","type":"page","link":"https:\/\/laballade.de\/wordpress\/bibliothek\/geschriebenes\/leseprobe-das-erbe-des-horst-stroh\/","title":{"rendered":"Leseprobe &#8211; Das Erbe des Horst Stroh"},"content":{"rendered":"<p align=\"justify\"><img loading=\"lazy\" decoding=\"async\" class=\"alignleft size-medium wp-image-4403\" src=\"https:\/\/laballade.de\/wordpress\/wp-content\/uploads\/2021\/06\/Das-Erbe-des-Horst-Stroh-225x300.jpg\" alt=\"\" width=\"225\" height=\"300\" srcset=\"https:\/\/laballade.de\/wordpress\/wp-content\/uploads\/2021\/06\/Das-Erbe-des-Horst-Stroh-225x300.jpg 225w, https:\/\/laballade.de\/wordpress\/wp-content\/uploads\/2021\/06\/Das-Erbe-des-Horst-Stroh-768x1024.jpg 768w, https:\/\/laballade.de\/wordpress\/wp-content\/uploads\/2021\/06\/Das-Erbe-des-Horst-Stroh-1152x1536.jpg 1152w, https:\/\/laballade.de\/wordpress\/wp-content\/uploads\/2021\/06\/Das-Erbe-des-Horst-Stroh-900x1200.jpg 900w, https:\/\/laballade.de\/wordpress\/wp-content\/uploads\/2021\/06\/Das-Erbe-des-Horst-Stroh-1280x1707.jpg 1280w, https:\/\/laballade.de\/wordpress\/wp-content\/uploads\/2021\/06\/Das-Erbe-des-Horst-Stroh.jpg 1536w\" sizes=\"auto, (max-width: 225px) 100vw, 225px\" \/><\/p>\n<h4 align=\"justify\">Das Erbe des Horst Stroh<\/h4>\n<p align=\"justify\"><span style=\"font-family: Garamond, serif;\"><span style=\"font-size: medium;\">Die Sonne ging unter, als er zur Baustelle in der Rheinaue kam. Er war eben kein junger H\u00fcpfer mehr. Noch rollten die Maschinen, hoben Erde aus und ebneten das Gel\u00e4nde ein. Der Besucher lie\u00df das gleichm\u00e4\u00dfig eifrige Brummen, den Geruch von starken Motoren bei der Arbeit auf sich wirken. Da w\u00fcrde er gern wieder anfangen. Aber wer lie\u00df ihn schon? In seinem Alter? Mit seiner Krankheit? Die war zwar offiziell \u00fcberstanden, nur w\u00fcrde das kein Chef mit drei Gramm Hirn im Kopf glauben. Die wussten doch alle, was ein Schein mit Stempel vom Arzt wert war.<\/span><\/span><\/p>\n<p align=\"justify\"><span style=\"font-family: Garamond, serif;\"><span style=\"font-size: medium;\">\u00dcber das Gebrumm erhob sich eine feine, helle Stimme. Aus dem Radio kam sie nicht. Woher sonst? Seine Ohren verrieten ihm die Richtung. Da dr\u00fcben, bei den drei gef\u00e4llten Erlen &#8230; Er schaute nicht hin. Er konzentrierte sich auf den Bagger, der seinen schnurgeraden Graben zog.<\/span><\/span><\/p>\n<p align=\"justify\"><span style=\"font-family: Garamond, serif;\"><span style=\"font-size: medium;\">Die Stimme rief ihn, und es war nicht nur eine. Gegen seinen Willen wandte er den Kopf. Drei h\u00fcbsche M\u00e4dels sa\u00dfen auf den St\u00e4mmen, die langen Beine elegant \u00fcbereinandergeschlagen, die Oberweite appetitlich im Schn\u00fcrmieder pr\u00e4sentiert. Ein bisschen gr\u00fcn im Gesicht waren sie, das konnte er nicht leugnen. Er grinste und wandte sich wieder dem Bagger zu.<\/span><\/span><\/p>\n<p align=\"justify\"><span style=\"font-family: Garamond, serif;\"><span style=\"font-size: medium;\">Die drei sangen ohne Worte, und unwillk\u00fcrlich setzte sich der Mann in Bewegung. Er ging geradewegs durch die Baustelle, vorbei an den Absperrungen, ohne auf Rufe oder heftiges Winken zu achten, genau in den Weg des Baggers. Der hob den L\u00f6ffel, um eine neue Ladung Erde aufzunehmen, und erfasste ihn am Kopf.<\/span><\/span><\/p>\n<p align=\"justify\"><span style=\"font-family: Garamond, serif;\"><span style=\"font-size: medium;\">Die drei h\u00fcbschen M\u00e4dchen auf den Baumst\u00e4mmen lachten, als er zu Boden ging.<\/span><\/span><\/p>\n<p style=\"text-align: center;\" align=\"justify\">* * *<\/p>\n<p align=\"justify\"><a href=\"https:\/\/www.bod.de\/buchshop\/das-erbe-des-horst-stroh-susanne-bonn-9783749409044\">Print bei BOD<\/a><\/p>\n<p align=\"justify\"><a href=\"https:\/\/www.bod.de\/buchshop\/das-erbe-des-horst-stroh-susanne-bonn-9783749438730\">E-Book bei BOD<\/a><\/p>\n","protected":false},"excerpt":{"rendered":"<p>Das Erbe des Horst Stroh Die Sonne ging unter, als er zur Baustelle in der Rheinaue kam. Er war eben kein junger H\u00fcpfer mehr. Noch rollten die Maschinen, hoben Erde aus und ebneten das Gel\u00e4nde ein. Der Besucher lie\u00df das gleichm\u00e4\u00dfig eifrige Brummen, den Geruch von starken Motoren bei der Arbeit auf sich wirken. Da [&hellip;]<\/p>\n","protected":false},"author":1,"featured_media":0,"parent":173,"menu_order":0,"comment_status":"closed","ping_status":"closed","template":"","meta":{"footnotes":""},"class_list":["post-4401","page","type-page","status-publish","hentry"],"yoast_head":"<!-- This site is optimized with the Yoast SEO plugin v27.4 - https:\/\/yoast.com\/product\/yoast-seo-wordpress\/ -->\n<title>Leseprobe - Das Erbe des Horst Stroh - La Ballade<\/title>\n<meta name=\"robots\" content=\"index, follow, max-snippet:-1, max-image-preview:large, max-video-preview:-1\" \/>\n<link rel=\"canonical\" href=\"https:\/\/laballade.de\/wordpress\/bibliothek\/geschriebenes\/leseprobe-das-erbe-des-horst-stroh\/\" \/>\n<meta property=\"og:locale\" content=\"de_DE\" \/>\n<meta property=\"og:type\" content=\"article\" \/>\n<meta property=\"og:title\" content=\"Leseprobe - Das Erbe des Horst Stroh - La Ballade\" \/>\n<meta property=\"og:description\" content=\"Das Erbe des Horst Stroh Die Sonne ging unter, als er zur Baustelle in der Rheinaue kam. Er war eben kein junger H\u00fcpfer mehr. Noch rollten die Maschinen, hoben Erde aus und ebneten das Gel\u00e4nde ein. Der Besucher lie\u00df das gleichm\u00e4\u00dfig eifrige Brummen, den Geruch von starken Motoren bei der Arbeit auf sich wirken. Da [&hellip;]\" \/>\n<meta property=\"og:url\" content=\"https:\/\/laballade.de\/wordpress\/bibliothek\/geschriebenes\/leseprobe-das-erbe-des-horst-stroh\/\" \/>\n<meta property=\"og:site_name\" content=\"La Ballade\" \/>\n<meta property=\"article:modified_time\" content=\"2024-04-29T08:01:41+00:00\" \/>\n<meta property=\"og:image\" content=\"https:\/\/laballade.de\/wordpress\/wp-content\/uploads\/2021\/06\/Das-Erbe-des-Horst-Stroh-225x300.jpg\" \/>\n<meta name=\"twitter:card\" content=\"summary_large_image\" \/>\n<meta name=\"twitter:label1\" content=\"Gesch\u00e4tzte Lesezeit\" \/>\n\t<meta name=\"twitter:data1\" content=\"2\u00a0Minuten\" \/>\n<script type=\"application\/ld+json\" class=\"yoast-schema-graph\">{\"@context\":\"https:\\\/\\\/schema.org\",\"@graph\":[{\"@type\":\"WebPage\",\"@id\":\"https:\\\/\\\/laballade.de\\\/wordpress\\\/bibliothek\\\/geschriebenes\\\/leseprobe-das-erbe-des-horst-stroh\\\/\",\"url\":\"https:\\\/\\\/laballade.de\\\/wordpress\\\/bibliothek\\\/geschriebenes\\\/leseprobe-das-erbe-des-horst-stroh\\\/\",\"name\":\"Leseprobe - Das Erbe des Horst Stroh - La Ballade\",\"isPartOf\":{\"@id\":\"https:\\\/\\\/laballade.de\\\/wordpress\\\/#website\"},\"primaryImageOfPage\":{\"@id\":\"https:\\\/\\\/laballade.de\\\/wordpress\\\/bibliothek\\\/geschriebenes\\\/leseprobe-das-erbe-des-horst-stroh\\\/#primaryimage\"},\"image\":{\"@id\":\"https:\\\/\\\/laballade.de\\\/wordpress\\\/bibliothek\\\/geschriebenes\\\/leseprobe-das-erbe-des-horst-stroh\\\/#primaryimage\"},\"thumbnailUrl\":\"https:\\\/\\\/laballade.de\\\/wordpress\\\/wp-content\\\/uploads\\\/2021\\\/06\\\/Das-Erbe-des-Horst-Stroh-225x300.jpg\",\"datePublished\":\"2021-06-18T14:32:24+00:00\",\"dateModified\":\"2024-04-29T08:01:41+00:00\",\"breadcrumb\":{\"@id\":\"https:\\\/\\\/laballade.de\\\/wordpress\\\/bibliothek\\\/geschriebenes\\\/leseprobe-das-erbe-des-horst-stroh\\\/#breadcrumb\"},\"inLanguage\":\"de\",\"potentialAction\":[{\"@type\":\"ReadAction\",\"target\":[\"https:\\\/\\\/laballade.de\\\/wordpress\\\/bibliothek\\\/geschriebenes\\\/leseprobe-das-erbe-des-horst-stroh\\\/\"]}]},{\"@type\":\"ImageObject\",\"inLanguage\":\"de\",\"@id\":\"https:\\\/\\\/laballade.de\\\/wordpress\\\/bibliothek\\\/geschriebenes\\\/leseprobe-das-erbe-des-horst-stroh\\\/#primaryimage\",\"url\":\"https:\\\/\\\/laballade.de\\\/wordpress\\\/wp-content\\\/uploads\\\/2021\\\/06\\\/Das-Erbe-des-Horst-Stroh.jpg\",\"contentUrl\":\"https:\\\/\\\/laballade.de\\\/wordpress\\\/wp-content\\\/uploads\\\/2021\\\/06\\\/Das-Erbe-des-Horst-Stroh.jpg\",\"width\":1536,\"height\":2048},{\"@type\":\"BreadcrumbList\",\"@id\":\"https:\\\/\\\/laballade.de\\\/wordpress\\\/bibliothek\\\/geschriebenes\\\/leseprobe-das-erbe-des-horst-stroh\\\/#breadcrumb\",\"itemListElement\":[{\"@type\":\"ListItem\",\"position\":1,\"name\":\"Startseite\",\"item\":\"https:\\\/\\\/laballade.de\\\/wordpress\\\/\"},{\"@type\":\"ListItem\",\"position\":2,\"name\":\"Bibliothek\",\"item\":\"https:\\\/\\\/laballade.de\\\/wordpress\\\/bibliothek\\\/\"},{\"@type\":\"ListItem\",\"position\":3,\"name\":\"Geschriebenes\",\"item\":\"https:\\\/\\\/laballade.de\\\/wordpress\\\/bibliothek\\\/geschriebenes\\\/\"},{\"@type\":\"ListItem\",\"position\":4,\"name\":\"Leseprobe &#8211; Das Erbe des Horst Stroh\"}]},{\"@type\":\"WebSite\",\"@id\":\"https:\\\/\\\/laballade.de\\\/wordpress\\\/#website\",\"url\":\"https:\\\/\\\/laballade.de\\\/wordpress\\\/\",\"name\":\"La Ballade\",\"description\":\"Geschichten und Musik\",\"publisher\":{\"@id\":\"https:\\\/\\\/laballade.de\\\/wordpress\\\/#\\\/schema\\\/person\\\/6fadccd64c10acbfe6c9d563789d29a1\"},\"potentialAction\":[{\"@type\":\"SearchAction\",\"target\":{\"@type\":\"EntryPoint\",\"urlTemplate\":\"https:\\\/\\\/laballade.de\\\/wordpress\\\/?s={search_term_string}\"},\"query-input\":{\"@type\":\"PropertyValueSpecification\",\"valueRequired\":true,\"valueName\":\"search_term_string\"}}],\"inLanguage\":\"de\"},{\"@type\":[\"Person\",\"Organization\"],\"@id\":\"https:\\\/\\\/laballade.de\\\/wordpress\\\/#\\\/schema\\\/person\\\/6fadccd64c10acbfe6c9d563789d29a1\",\"name\":\"Susanne\",\"logo\":{\"@id\":\"https:\\\/\\\/laballade.de\\\/wordpress\\\/#\\\/schema\\\/person\\\/image\\\/\"},\"sameAs\":[\"https:\\\/\\\/www.laballade.de\"]}]}<\/script>\n<!-- \/ Yoast SEO plugin. -->","yoast_head_json":{"title":"Leseprobe - Das Erbe des Horst Stroh - La Ballade","robots":{"index":"index","follow":"follow","max-snippet":"max-snippet:-1","max-image-preview":"max-image-preview:large","max-video-preview":"max-video-preview:-1"},"canonical":"https:\/\/laballade.de\/wordpress\/bibliothek\/geschriebenes\/leseprobe-das-erbe-des-horst-stroh\/","og_locale":"de_DE","og_type":"article","og_title":"Leseprobe - Das Erbe des Horst Stroh - La Ballade","og_description":"Das Erbe des Horst Stroh Die Sonne ging unter, als er zur Baustelle in der Rheinaue kam. Er war eben kein junger H\u00fcpfer mehr. Noch rollten die Maschinen, hoben Erde aus und ebneten das Gel\u00e4nde ein. Der Besucher lie\u00df das gleichm\u00e4\u00dfig eifrige Brummen, den Geruch von starken Motoren bei der Arbeit auf sich wirken. Da [&hellip;]","og_url":"https:\/\/laballade.de\/wordpress\/bibliothek\/geschriebenes\/leseprobe-das-erbe-des-horst-stroh\/","og_site_name":"La Ballade","article_modified_time":"2024-04-29T08:01:41+00:00","og_image":[{"url":"https:\/\/laballade.de\/wordpress\/wp-content\/uploads\/2021\/06\/Das-Erbe-des-Horst-Stroh-225x300.jpg","type":"","width":"","height":""}],"twitter_card":"summary_large_image","twitter_misc":{"Gesch\u00e4tzte Lesezeit":"2\u00a0Minuten"},"schema":{"@context":"https:\/\/schema.org","@graph":[{"@type":"WebPage","@id":"https:\/\/laballade.de\/wordpress\/bibliothek\/geschriebenes\/leseprobe-das-erbe-des-horst-stroh\/","url":"https:\/\/laballade.de\/wordpress\/bibliothek\/geschriebenes\/leseprobe-das-erbe-des-horst-stroh\/","name":"Leseprobe - Das Erbe des Horst Stroh - La Ballade","isPartOf":{"@id":"https:\/\/laballade.de\/wordpress\/#website"},"primaryImageOfPage":{"@id":"https:\/\/laballade.de\/wordpress\/bibliothek\/geschriebenes\/leseprobe-das-erbe-des-horst-stroh\/#primaryimage"},"image":{"@id":"https:\/\/laballade.de\/wordpress\/bibliothek\/geschriebenes\/leseprobe-das-erbe-des-horst-stroh\/#primaryimage"},"thumbnailUrl":"https:\/\/laballade.de\/wordpress\/wp-content\/uploads\/2021\/06\/Das-Erbe-des-Horst-Stroh-225x300.jpg","datePublished":"2021-06-18T14:32:24+00:00","dateModified":"2024-04-29T08:01:41+00:00","breadcrumb":{"@id":"https:\/\/laballade.de\/wordpress\/bibliothek\/geschriebenes\/leseprobe-das-erbe-des-horst-stroh\/#breadcrumb"},"inLanguage":"de","potentialAction":[{"@type":"ReadAction","target":["https:\/\/laballade.de\/wordpress\/bibliothek\/geschriebenes\/leseprobe-das-erbe-des-horst-stroh\/"]}]},{"@type":"ImageObject","inLanguage":"de","@id":"https:\/\/laballade.de\/wordpress\/bibliothek\/geschriebenes\/leseprobe-das-erbe-des-horst-stroh\/#primaryimage","url":"https:\/\/laballade.de\/wordpress\/wp-content\/uploads\/2021\/06\/Das-Erbe-des-Horst-Stroh.jpg","contentUrl":"https:\/\/laballade.de\/wordpress\/wp-content\/uploads\/2021\/06\/Das-Erbe-des-Horst-Stroh.jpg","width":1536,"height":2048},{"@type":"BreadcrumbList","@id":"https:\/\/laballade.de\/wordpress\/bibliothek\/geschriebenes\/leseprobe-das-erbe-des-horst-stroh\/#breadcrumb","itemListElement":[{"@type":"ListItem","position":1,"name":"Startseite","item":"https:\/\/laballade.de\/wordpress\/"},{"@type":"ListItem","position":2,"name":"Bibliothek","item":"https:\/\/laballade.de\/wordpress\/bibliothek\/"},{"@type":"ListItem","position":3,"name":"Geschriebenes","item":"https:\/\/laballade.de\/wordpress\/bibliothek\/geschriebenes\/"},{"@type":"ListItem","position":4,"name":"Leseprobe &#8211; Das Erbe des Horst Stroh"}]},{"@type":"WebSite","@id":"https:\/\/laballade.de\/wordpress\/#website","url":"https:\/\/laballade.de\/wordpress\/","name":"La Ballade","description":"Geschichten und Musik","publisher":{"@id":"https:\/\/laballade.de\/wordpress\/#\/schema\/person\/6fadccd64c10acbfe6c9d563789d29a1"},"potentialAction":[{"@type":"SearchAction","target":{"@type":"EntryPoint","urlTemplate":"https:\/\/laballade.de\/wordpress\/?s={search_term_string}"},"query-input":{"@type":"PropertyValueSpecification","valueRequired":true,"valueName":"search_term_string"}}],"inLanguage":"de"},{"@type":["Person","Organization"],"@id":"https:\/\/laballade.de\/wordpress\/#\/schema\/person\/6fadccd64c10acbfe6c9d563789d29a1","name":"Susanne","logo":{"@id":"https:\/\/laballade.de\/wordpress\/#\/schema\/person\/image\/"},"sameAs":["https:\/\/www.laballade.de"]}]}},"_links":{"self":[{"href":"https:\/\/laballade.de\/wordpress\/wp-json\/wp\/v2\/pages\/4401","targetHints":{"allow":["GET"]}}],"collection":[{"href":"https:\/\/laballade.de\/wordpress\/wp-json\/wp\/v2\/pages"}],"about":[{"href":"https:\/\/laballade.de\/wordpress\/wp-json\/wp\/v2\/types\/page"}],"author":[{"embeddable":true,"href":"https:\/\/laballade.de\/wordpress\/wp-json\/wp\/v2\/users\/1"}],"replies":[{"embeddable":true,"href":"https:\/\/laballade.de\/wordpress\/wp-json\/wp\/v2\/comments?post=4401"}],"version-history":[{"count":5,"href":"https:\/\/laballade.de\/wordpress\/wp-json\/wp\/v2\/pages\/4401\/revisions"}],"predecessor-version":[{"id":4598,"href":"https:\/\/laballade.de\/wordpress\/wp-json\/wp\/v2\/pages\/4401\/revisions\/4598"}],"up":[{"embeddable":true,"href":"https:\/\/laballade.de\/wordpress\/wp-json\/wp\/v2\/pages\/173"}],"wp:attachment":[{"href":"https:\/\/laballade.de\/wordpress\/wp-json\/wp\/v2\/media?parent=4401"}],"curies":[{"name":"wp","href":"https:\/\/api.w.org\/{rel}","templated":true}]}}